589*t - 7022. Give y(15).
1813
Let h(r) = 102*r**2 - 549*r + 209. Give h(6).
587
Let b(s) = 33*s**2 + 573*s - 13. What is b(-17)?
-217
Let c(v) = 375*v - 101650. Determine c(271).
-25
Let n(t) = -142076*t - 994529. Determine n(-7).
3
Let d(b) = b**3 - 41*b**2 + 52*b - 1443. What is d(41)?
689
Let m(q) = 8*q**3 + 125*q**2 + 189*q + 104. What is m(-14)?
6
Let d(w) = w**3 + 14*w**2 - 41714*w - 583997. What is d(-14)?
-1
Let x(f) = -7298*f - 686021. What is x(-94)?
-9
Let a(c) = 2*c**3 + 552*c**2 - 527*c + 5933. Give a(-277).
-1546
Let b(r) = 2724*r - 14649. Give b(5).
-1029
Let d(w) = -8*w**3 - 968*w**2 + 33*w + 3986. Give d(-121).
-7
Let y(g) = 3*g**2 + 910*g + 29126. What is y(-267)?
23
Let t(d) = 2*d**3 + 180*d**2 + 34*d - 422. Calculate t(-90).
-3482
Let r(x) = -x**2 + 417*x - 11507. Give r(30).
103
Let o(x) = 12398*x - 483495. What is o(39)?
27
Let u(c) = -10*c**2 + 15*c + 8837. Calculate u(-29).
-8
Let o(g) = 880*g + 4306. Calculate o(-4).
786
Let j(x) = -6072*x + 5288699. Calculate j(871).
-13
Let w(j) = j**3 + 16*j**2 - 103*j - 529. What is w(-4)?
75
Let h(f) = f**3 + 150*f**2 + 184*f + 3265. Determine h(-149).
-1950
Let d(u) = -9461*u - 28563. Determine d(-3).
-180
Let w(b) = -10457*b - 2509678. Determine w(-240).
2
Let x(u) = -2*u + 317. Determine x(-13).
343
Let b(o) = 2859*o**2 - 2955*o + 92. Give b(1).
-4
Let b(z) = 4103*z + 1152622. Give b(-281).
-321
Let h(b) = -772*b + 16793. What is h(22)?
-191
Let x(s) = -3*s**2 - 3161*s + 201623. Give x(-1114).
-11
Let u(d) = 171844*d + 1374863. Calculate u(-8).
111
Let u(g) = -2*g**2 - 522*g - 9507. Calculate u(-20).
133
Let q(l) = -14*l**2 + 445*l - 16. Determine q(30).
734
Let n(l) = 2*l**3 - 66*l**2 - 279*l - 667. Give n(37).
-38
Let k(w) = -w**3 + 24*w**2 + 75*w - 677. Give k(21).
2221
Let u(b) = b**3 - 1317*b**2 + 16930*b + 28689. Give u(1304).
1
Let b(f) = -4*f**3 - 318*f**2 + 470*f - 21. Determine b(-81).
1275
Let g(s) = s**2 - 144*s - 3640. Give g(-21).
-175
Let v(h) = 79*h**2 - 417*h - 270. Give v(6).
72
Let n(t) = t**3 + 74*t**2 + 123*t - 847. Give n(-72).
665
Let g(a) = -a**3 + 62*a**2 + 1260*a - 24. Determine g(-16).
-216
Let x(p) = p**3 - 125*p**2 + 229*p + 2108. Determine x(123).
17
Let j(o) = -o**3 + 177*o**2 + 231*o - 9398. Give j(178).
36
Let f(l) = 27*l + 2714. What is f(-106)?
-148
Let o(j) = -j**3 + 817*j**2 - 109029*j - 180. Give o(168).
324
Let d(w) = 23*w**2 - 2927*w + 844. Calculate d(127).
82
Let v(d) = 8*d**3 + 223*d**2 - 85*d - 1616. Determine v(-28).
-20
Let n(x) = 30*x**3 - 696*x**2 + 188*x - 1153. Give n(23).
-3
Let i(r) = -r**3 + r**2 + 1021*r - 22. Give i(0).
-22
Let s(b) = -631112*b - 5048888. Calculate s(-8).
8
Let h(o) = -2626*o - 7818. Give h(-3).
60
Let j(a) = -a**3 - 17*a**2 - 517*a - 8772. What is j(-17)?
17
Let o(a) = 3526*a + 56649. Give o(-16).
233
Let o(w) = 2*w**3 + 60*w**2 + 655*w + 19637. Calculate o(-30).
-13
Let g(o) = -425*o + 21233. Determine g(49).
408
Let g(h) = 828*h + 130143. What is g(-157)?
147
Let s(g) = g**3 - 52*g**2 + 126*g + 3143. Calculate s(48).
-25
Let d(n) = -3*n**2 + 45*n + 292. Give d(-5).
-8
Let k(c) = c**2 - 886*c + 65161. Give k(81).
-44
Let w(a) = -339*a + 5762. Give w(16).
338
Let y(w) = -372*w - 7769. Calculate y(-21).
43
Let k(m) = -262*m - 12233. Determine k(-39).
-2015
Let c(z) = 124584*z + 249181. Calculate c(-2).
13
Let v(t) = -8*t**2 - 521*t + 1575. What is v(3)?
-60
Let x(u) = -7*u**3 + 23*u**2 + 90*u + 24. Determine x(-2).
-8
Let u(n) = -17*n**2 - 82*n + 534. Calculate u(7).
-873
Let k(m) = m**2 - 11*m - 300. Determine k(55).
2120
Let o(w) = -2*w**2 + 406*w + 145993. What is o(390)?
133
Let l(w) = 68908*w + 344566. Give l(-5).
26
Let j(i) = 31*i**2 - 28774*i - 115100. What is j(-4)?
492
Let w(z) = -21*z**2 - 2513*z - 4476. What is w(-118)?
-346
Let z(q) = -q**3 + 11*q**2 - 629*q + 13600. Determine z(18).
10
Let x(f) = -2*f**2 + 241*f + 9842. What is x(-34)?
-664
Let i(s) = -s**2 - 473*s + 658930. Give i(609).
-8
Let y(i) = 8*i**2 - 240*i + 308. Determine y(30).
308
Let y(m) = 669*m + 87643. Give y(-131).
4
Let v(j) = -2*j**2 + 31055*j + 16. Give v(0).
16
Let n(m) = 897*m - 8993. Determine n(10).
-23
Let j(d) = -53*d**3 - 130*d**2 + 6072*d + 15. Give j(-12).
15
Let o(c) = 483*c - 24691. What is o(52)?
425
Let u(m) = m**3 - 120*m**2 - 4683*m + 814. Determine u(151).
512
Let d(q) = -18*q**3 + 5*q**2 - 46*q + 71. Give d(2).
-145
Let z(q) = 4672*q - 551290. Determine z(118).
6
Let q(c) = -31*c**2 + 72*c - 53. Calculate q(4).
-261
Let g(z) = -39610*z + 39568. Calculate g(1).
-42
Let y(a) = 2*a**3 - 7*a**2 + 26*a - 86. Calculate y(10).
1474
Let z(w) = 8871*w + 124248. What is z(-14)?
54
Let f(a) = -31196*a - 2121270. What is f(-68)?
58
Let s(f) = 409*f**2 - 3291*f + 155. Calculate s(8).
3
Let i(r) = 41*r**3 + 232*r**2 - 408*r - 162. Calculate i(-7).
-1
Let d(l) = -8*l**2 - 30765*l - 215268. Determine d(-7).
-305
Let c(i) = -185469*i - 67325248. Give c(-363).
-1
Let a(r) = -r**3 + 60*r**2 + 719*r - 1349. Determine a(70).
-19
Let j(v) = 3*v**2 - 6032*v + 30099. What is j(5)?
14
Let a(l) = l**3 - 58*l**2 + 105*l - 5987. Calculate a(58).
103
Let o(j) = -1606*j - 467340. What is o(-291)?
6
Let b(y) = 3489*y - 788070. Give b(226).
444
Let z(y) = -y**3 + 4*y**2 + 150*y + 417. What is z(-8)?
-15
Let v(o) = o**3 - 26*o**2 + 66*o + 1114. Give v(20).
34
Let u(t) = -135*t**2 + 8900*t + 74. Give u(66).
-586
Let w(s) = s**2 - 10881*s + 173830. Calculate w(16).
-10
Let m(t) = 4*t**2 - 854*t + 2443. Calculate m(210).
-497
Let o(u) = u + 905. What is o(-103)?
802
Let a(t) = -11244*t - 303650. Calculate a(-27).
-62
Let r(a) = -7*a**2 - 305*a + 1276. What is r(4)?
-56
Let f(d) = -2*d**3 + 115*d**2 - 173*d + 375. Give f(56).
95
Let z(q) = 6*q**2 + 963*q - 8052. Determine z(-169).
567
Let r(d) = -d**3 - 162*d**2 - 153*d + 1287. Determine r(-161).
-1
Let j(u) = 20*u**2 + 1825*u - 3219. Give j(-93).
36
Let f(o) = -30*o**2 + 1201*o - 2324. Calculate f(38).
-6
Let b(y) = 1678*y**3 - 13431*y**2 + 55*y + 7. Calculate b(8).
-1
Let g(u) = -2826*u + 19875. Calculate g(7).
93
Let u(d) = -19*d**2 + 32*d + 889. Determine u(0).
889
Let t(b) = -b**3 - 21*b**2 + 163*b + 3187. Calculate t(-20).
-473
Let z(v) = -7*v**2 - 1474*v + 8241. Give z(-216).
33
Let j(g) = -13*g**2 + 327*g - 1893. What is j(17)?
-91
Let c(r) = 11*r**2 - 879*r + 52. Calculate c(78).
-1586
Let f(d) = -46488*d + 4230417. Give f(91).
9
Let n(y) = 3549*y - 7790055. Determine n(2195).
0
Let d(k) = k**3 - 169*k**2 - 871*k + 273. Determine d(174).
99
Let n(x) = 2144*x + 722525. Give n(-337).
-3
Let g(y) = -789*y + 1370. Determine g(2).
-208
Let j(t) = -2*t**3 - 462*t**2 + 117*t + 27029. Give j(-231).
2
Let z(g) = g**3 + 36*g**2 + 83*g + 1602. Determine z(-35).
-78
Let k(p) = 1048*p + 44020. Determine k(-42).
4
Let a(g) = 59*g**3 - 24545*g**2 + 752*g - 139783. What is a(416)?
-7
Let l(w) = w**3 + 44*w**2 - 529*w + 947. Give l(8).
43
Let j(z) = -4452*z + 1672. Determine j(1).
-2780
Let g(h) = h**3 - 43*h**2 + 189*h - 144. Calculate g(3).
63
Let t(i) = i**2 - 2765*i - 388463. Determine t(-134).
3
Let w(z) = -20337*z + 224527. Calculate w(11).
820
Let h(y) = 65454*y + 1701743. Calculate h(-26).
-61
Let l(m) = -3*m**2 - 40*m + 896. Calculate l(-25).
21
Let i(w) = 3958*w**2 + 19781*w - 11. Determine i(-5).
34
Let z(h) = -h**3 - 39*h**2 + 155*h - 86. Calculate z(3).
1
Let i(x) = 2*x**3 - 258*x**2 - 2648*x + 62462. Determine i(137).
-10
Let t(w) = 3*w**3 - 5*w**2 - 1804*w + 3610. Calculate t(2).
6
Let o(f) = -32814*f + 65786. Give o(2).
158
Let j(p) = -2*p**3 - 30*p**2 - 150*p - 595. Calculate j(-11).
87
Let w(l) = 48*l**2 - 7834*l - 471. Determine w(163).
-2101
Let u(x) = x**3 + 19*x**2 + 135*x + 2052. Give u(-19).
-513
Let r(j) = j**3 + 59*j**2 - 1407*j - 1642. Give r(-77).
-25
Let b(g) = 5*g**3 + 739*g**2 - 165*g + 1081. Give b(-148).
3597
Let n(q) = -q**3 - 146*q**2 + 189*q + 6250. Determine n(-147).
76
Let f(g) = 4196*g + 95869. Give f(-23).
-639
Let r(s) = 10*s**2 - 1522*s + 756. What is r(153)?
1980
Let g(v) = -2*v**3 + 22*v**2 + 2402*v + 4708. What is g(-2)?
8
Let b(u) = -222*u - 19639. Calculate b(-90).
341
Let i(j) = -302*j**2 + 3882*j + 3883. Calculate i(-1).
-301
Let l(c) = -77086*c + 847916. Give l(11).
-30
Let z(p) = p**3 - 53*p**2 + 506*p + 4840. Determine z(25).
-10
Let k(v) = -4